*u**2 - 12. What is the units digit of c(-6)?
4
Let m(a) = -13 + 15*a**2 - 18 + 0*a**2 - a**3 - a**2 - 5*a. What is the tens digit of m(13)?
7
Let b(d) = 2*d**3 - d**2 + 558. What is the units digit of b(0)?
8
What is the units digit of 84656/72 + 4/18?
6
Let l = 75 + -38. Suppose 3*j - 4*q - 177 = 0, 0 = -5*j - q + 64 + 208. Suppose 4*s - l = j. What is the units digit of s?
3
Suppose -2*d = 8*a - 3*a + 91, -2*a = 3*d + 164. Let m = 111 + d. What is the units digit of m?
3
Let t be 4/(-3 + 15)*342. Let w = t - 88. What is the units digit of w?
6
Let i(z) = z**3 + 8*z**2 - 7*z - 7. Suppose k + 32 = -3*k + 3*w, k - 3*w = -8. What is the tens digit of i(k)?
4
What is the tens digit of 70/(-15)*(-606)/4?
0
Suppose 3*n - 2*u + 155 - 2360 = 0, -4*n + 2940 = -3*u. Suppose -5*a + n = 185. What is the tens digit of a?
1
Suppose r = -3*y + 7759, -4*y + 10352 = 9*r - 6*r. What is the units digit of y?
5
Let b = 67 + -180. Let r = 259 + b. What is the units digit of r?
6
Let q(c) = -c**3 + 48*c**2 + 104*c + 113. What is the hundreds digit of q(50)?
3
Suppose 2*j = -w + 107, 2*w - 5*j = 58 + 129. Let v = -60 + w. Let g = -33 + v. What is the units digit of g?
8
Let k(z) = 20*z**2 + 2*z - 32*z**2 + 13*z**2. Let j = 9 - 5. What is the tens digit of k(j)?
2
Let g(r) = -r**2 - 16 + 52 + 9*r + 2*r**2. What is the units digit of g(-11)?
8
Let g(i) = -6*i**3 - 9*i**2 + 3*i - 4. What is the units digit of g(-5)?
6
Let u = -1251 + 2277. What is the thousands digit of u?
1
Let u be (10 - 6) + (-2 - 4). What is the tens digit of 1/u*(8 - 118)?
5
Let d = 833 + 225. What is the tens digit of d?
5
Suppose 10*l = 4*l + 402. Let x = -11 + l. What is the tens digit of x?
5
Let x(w) = -2*w - 15. Let v = 75 + -99. What is the units digit of x(v)?
3
Let t(w) = 43*w - 1. Let o be t(1). Let l = -11 + o. Suppose 123 - l = 4*h. What is the units digit of h?
3
Suppose 5*j - 5 = 0, 5*j - 145 = -2*u - 0*u. Let f = u + -8. What is the tens digit of f?
6
Let v = 18 + -21. What is the tens digit of ((-16)/(-24))/(v/(-117))?
2
Let k(g) be the second derivative of 5*g**3/6 - g**2/2 + 10*g. What is the units digit of k(6)?
9
Let g(m) be the first derivative of m**4/4 + 7*m**3 - 14*m**2 + 28*m - 18. What is the hundreds digit of g(-22)?
1
Let a be (-800)/(-192)*(2/2 - -5). Suppose -s = 418 + 278. What is the tens digit of s/(-15) + 15/a?
4
Suppose -4*a = 4*t - 84, 3*t - 56 = -5*a + 49. Suppose 5*b - a = 9. What is the units digit of (-18)/(-12)*20/b?
5
What is the units digit of (-24738)/(-26) + 120/(-260)?
1
Let x(i) = -10*i**3 - 2*i**2 - 3*i - 2. What is the hundreds digit of x(-3)?
2
Let o = 31 + -36. What is the tens digit of (o/(-10))/(1/(-9))*-46?
0
Let o = 12 + -14. Let l be (-2 - 142/(-4))*o. Let q = -41 - l. What is the units digit of q?
6
Let a = -1387 + 2324. What is the units digit of a?
7
Let s = -523 - -793. What is the hundreds digit of s?
2
Suppose -665 = 4*d - 5*d + 5*c, 5*c + 5 = 0. What is the hundreds digit of d?
6
Let y = -54 + 58. Suppose 3*a - 15 + 3 = 0, y*f - 4*a - 404 = 0. What is the hundreds digit of f?
1
Suppose 5*d - 82 = -2*i, 0 = 3*d - 0*d + 4*i - 52. Suppose d = 2*w - 2*f, -8 = -w + 3*f - 6*f. Suppose -3*g = -w*g + 225. What is the units digit of g?
5
Let o = -975 - -1743. What is the units digit of o?
8
What is the units digit of (-10)/(-25) - (-13615)/25?
5
Suppose 67*j + 8940 = 77*j. What is the tens digit of j?
9
Let x be ((-14)/(-6))/((-2)/6). Let r(o) be the second derivative of -o**4/12 - 11*o**3/6 - o**2/2 + 34*o. What is the tens digit of r(x)?
2
Let i(g) = 19*g**2 + 4*g - 25. What is the units digit of i(-7)?
8
What is the hundreds digit of (-33)/(-4)*(-768)/(-18)?
3
What is the hundreds digit of 192612/132 + 6/(-33)?
4
What is the hundreds digit of (3699/(-18))/((-6)/12)?
4
Suppose w - 1178 = -67*f + 63*f, 2386 = 2*w + 2*f. What is the hundreds digit of w?
1
Let j = 31 + -28. Let i = j + 35. What is the units digit of i?
8
Let g(w) = -w**3 + 7*w**2 - 10*w - 47. What is the units digit of g(-5)?
3
Suppose 10*b + 269 = 2089. What is the units digit of b?
2
Suppose -5*r + c = 369 - 28, -c + 134 = -2*r. Suppose 0 = 3*w - w + 24. What is the tens digit of r*(44/w - -3)?
4
What is the thousands digit of (7 - (-32238)/6) + 5?
5
Suppose -433 = 69*g - 73*g + f, 0 = 3*f + 15. What is the hundreds digit of g?
1
Let m(h) = 5*h**2 - 12*h - 1. Let v(l) = l**2 + 1. Let j(w) = m(w) - 6*v(w). Let u be j(-10). Suppose -5*i + u = -47. What is the units digit of i?
2
Let n(h) = -h**3 - 8*h**2 - 2*h - 10. Let w be n(-8). Suppose 3*k - 292 = b - w*b, 4*b = 3*k - 301. What is the tens digit of k?
9
Let j(r) = r + 10. Let q be j(-5). Suppose -5*o + o = -y - 229, -o + q*y = -81. What is the units digit of o?
6
Let m(v) = v**3 - 12*v**2 + 10*v + 7. Let z(i) = -i**3 + 11*i**2 - 9*i - 6. Let x(f) = -3*m(f) - 4*z(f). What is the tens digit of x(8)?
5
Let f(m) = 19*m**2 + 13*m - 36. What is the tens digit of f(-8)?
7
Suppose 3*h = -405 + 4380. What is the thousands digit of h?
1
Let p(c) = 10*c**2 + c + 10. Suppose 1 = 3*r + 13. What is the hundreds digit of p(r)?
1
Let y = -19 - -21. Suppose -4*i = -y*i - 4. What is the units digit of 2*37/i*1?
7
Suppose 4*h + 5*v - 359 = 0, h + 2*v + 3*v - 101 = 0. Suppose -5*p + 3*f = -109, -4*p + h = -0*p - 2*f. What is the tens digit of p?
2
Let q = -34 - -77. Let c = -14 + q. What is the tens digit of c?
2
Let f(n) = 20*n - 1. Let w be f(3). Suppose -3*d + 20 + w = 4*m, 48 = 2*d + 5*m. What is the units digit of d?
9
Let o(i) = -129*i + 82. What is the hundreds digit of o(-4)?
5
Let k = 287 + -481. Let r be 1 + (k/2 - 0). What is the units digit of (10/(-4))/(16/r)?
5
Let s = 2190 + -1434. What is the tens digit of s?
5
Let t(p) = p**2 - p + 9. Let h be t(0). Suppose h*w = 4*w. Suppose -40*k + 43*k - 204 = w. What is the units digit of k?
8
Let d(y) = -y**3 + 15*y**2 - 13*y - 13. Let s be d(14). What is the units digit of s/((-1)/265*-5)?
3
Let l(r) = 82*r**2 - 10. What is the hundreds digit of l(3)?
7
Let o(v) = -54*v**3 + 2*v**2 + 3*v + 2. Suppose 0 = -5*b - 15, 0*b + 6 = -3*c - b. What is the units digit of o(c)?
5
Let d(q) = -q**2 - 19*q - 26. Let a be d(-17). Suppose a*h - 151 = 569. What is the units digit of h?
0
Suppose 3*r = -4*w - 313, -4*r + 73 = -w - 29. Let p = -38 - w. Suppose 0 = -5*z + p + 126. What is the tens digit of z?
3
Suppose 3*a + 2*n - 103 = -0*a, 2*n + 119 = 3*a. Let o = a - 32. What is the units digit of o?
5
Suppose 2*b + 4*b = 1452. Suppose -8*n + 850 = b. What is the tens digit of n?
7
What is the tens digit of (3/18*-3)/(18/(-163548))?
4
Suppose -5*c + 5459 - 182 = -2*u, 5*u = -5*c + 5305. What is the hundreds digit of c?
0
Let t(a) = a**2 + 10*a + 12. Let h(v) = -v. Let x(z) = -6*h(z) + t(z). Let g be x(-16). Let r = g + 0. What is the units digit of r?
2
Let j be 24/(-14)*(3 + -10). Let b = j - 6. Let w = b + 17. What is the tens digit of w?
2
Let n(c) = -c**2 - 13*c - 24. Let t be n(-11). What is the units digit of ((-38)/8*14)/(1/t)?
3
Suppose -30*u = 8*u - 50388. What is the tens digit of u?
2
Suppose 2*x - 5*d = 4*x + 101, -4*d = -4*x - 244. Let p = x + 127. What is the units digit of p?
9
What is the tens digit of ((-442)/(-102))/(1/39)?
6
Suppose 3*l + 12 = -0*l. Suppose 5*g + 1080 - 1130 = 0. Let s = l + g. What is the units digit of s?
6
Let y = 584 + 151. What is the tens digit of y?
3
Suppose 6*t = 5*t - 2. Let r be t/7 - (-46)/14. Suppose -l - 3*c = 2*c - 30, 0 = -r*l - 2*c + 25. What is the units digit of l?
5
What is the hundreds digit of -194*(-3 + (1 - -3) - 3)?
3
Let a(s) = s + 94. Suppose -5*k = -8*k. Let j be a(k). Let p = j - 57. What is the tens digit of p?
3
Let z = -158 - -158. Suppose z = 9*i - 1620 - 1035. What is the hundreds digit of i?
2
Suppose 4*o + 16 = 2*m, 2*m + 4*o + 9 - 1 = 0. Suppose 0 = i + m*i - 3. What is the tens digit of (-1)/(0 + i/(-23))?
2
Suppose -507 = -2*t + 39. What is the tens digit of t?
7
Suppose -i - i = -5*r + 49, 5*r - 70 = -5*i. Let t be (-2)/4 - r/(-2). Suppose -23 = -t*k + 27. What is the units digit of k?
0
Let f be (3/9)/((-5)/45). What is the units digit of (243/(-6) - 6)*8/f?
4
Let t be (-4 - 50/(-12)) + 125/(-30). Let r(n) = 4*n**2 + 2 - 3*n**2 + 3 + 5*n. What is the units digit of r(t)?
1
What is the tens digit of (-3434)/(-7) - (3 + 85/